{"version":"1.0","provider_name":"Fundaci\u00f3n Maria Cristina Masaveu Peterson","provider_url":"https:\/\/www.fundacioncristinamasaveu.com\/en\/","title":"PRESENTATION OF THE 77TH OVIEDO OPERA SEASON","type":"rich","width":600,"height":338,"html":"<blockquote class=\"wp-embedded-content\" data-secret=\"zxZzoJPGyS\"><a href=\"https:\/\/www.fundacioncristinamasaveu.com\/en\/portfolio\/presentacion-opera-oviedo-2024\/\">PRESENTATION OF THE 77TH OVIEDO OPERA SEASON<\/a><\/blockquote><iframe sandbox=\"allow-scripts\" security=\"restricted\" src=\"https:\/\/www.fundacioncristinamasaveu.com\/en\/portfolio\/presentacion-opera-oviedo-2024\/embed\/#?secret=zxZzoJPGyS\" width=\"600\" height=\"338\" title=\"&#8220;PRESENTATION OF THE 77TH OVIEDO OPERA SEASON&#8221; &#8212; Fundaci\u00f3n Maria Cristina Masaveu Peterson\" data-secret=\"zxZzoJPGyS\" frameborder=\"0\" marginwidth=\"0\" marginheight=\"0\" scrolling=\"no\" class=\"wp-embedded-content\"><\/iframe><script>\n\/*! This file is auto-generated *\/\n!function(d,l){\"use strict\";l.querySelector&&d.addEventListener&&\"undefined\"!=typeof URL&&(d.wp=d.wp||{},d.wp.receiveEmbedMessage||(d.wp.receiveEmbedMessage=function(e){var t=e.data;if((t||t.secret||t.message||t.value)&&!\/[^a-zA-Z0-9]\/.test(t.secret)){for(var s,r,n,a=l.querySelectorAll('iframe[data-secret=\"'+t.secret+'\"]'),o=l.querySelectorAll('blockquote[data-secret=\"'+t.secret+'\"]'),c=new RegExp(\"^https?:$\",\"i\"),i=0;i<o.length;i++)o[i].style.display=\"none\";for(i=0;i<a.length;i++)s=a[i],e.source===s.contentWindow&&(s.removeAttribute(\"style\"),\"height\"===t.message?(1e3<(r=parseInt(t.value,10))?r=1e3:~~r<200&&(r=200),s.height=r):\"link\"===t.message&&(r=new URL(s.getAttribute(\"src\")),n=new URL(t.value),c.test(n.protocol))&&n.host===r.host&&l.activeElement===s&&(d.top.location.href=t.value))}},d.addEventListener(\"message\",d.wp.receiveEmbedMessage,!1),l.addEventListener(\"DOMContentLoaded\",function(){for(var e,t,s=l.querySelectorAll(\"iframe.wp-embedded-content\"),r=0;r<s.length;r++)(t=(e=s[r]).getAttribute(\"data-secret\"))||(t=Math.random().toString(36).substring(2,12),e.src+=\"#?secret=\"+t,e.setAttribute(\"data-secret\",t)),e.contentWindow.postMessage({message:\"ready\",secret:t},\"*\")},!1)))}(window,document);\n\/\/# sourceURL=https:\/\/www.fundacioncristinamasaveu.com\/wp-includes\/js\/wp-embed.min.js\n<\/script>\n","thumbnail_url":"https:\/\/www.fundacioncristinamasaveu.com\/wp-content\/uploads\/2024\/03\/IMG_20240625_095003_340.jpg","thumbnail_width":1080,"thumbnail_height":809,"description":"El Centro FMCMP Madrid ha acogido la presentaci\u00f3n de la 77\u00aa temporada de la \u00d3pera de Oviedo en el Auditorio Mar\u00eda Cristina Masaveu, que este a\u00f1o contar\u00e1 con la representaci\u00f3n de grandes obras como Anna Bolena, El Barbero de Sevilla, Arabella, A\u00edda, o Las Bodas de F\u00edgaro, desde septiembre de 2024 a febrero de 2025."}

Fundación Maria Cristina Masaveu Peterson

<blockquote class="wp-embedded-content" data-secret="zxZzoJPGyS"><a href="https://www.fundacioncristinamasaveu.com/en/portfolio/presentacion-opera-oviedo-2024/">PRESENTATION OF THE 77TH OVIEDO OPERA SEASON</a></blockquote><iframe sandbox="allow-scripts" security="restricted" src="https://www.fundacioncristinamasaveu.com/en/portfolio/presentacion-opera-oviedo-2024/embed/#?secret=zxZzoJPGyS" width="600" height="338" title="&#8220;PRESENTATION OF THE 77TH OVIEDO OPERA SEASON&#8221; &#8212; Fundación Maria Cristina Masaveu Peterson" data-secret="zxZzoJPGyS" frameborder="0" marginwidth="0" marginheight="0" scrolling="no" class="wp-embedded-content"></iframe><script>
/*! This file is auto-generated */
!function(d,l){"use strict";l.querySelector&&d.addEventListener&&"undefined"!=typeof URL&&(d.wp=d.wp||{},d.wp.receiveEmbedMessage||(d.wp.receiveEmbedMessage=function(e){var t=e.data;if((t||t.secret||t.message||t.value)&&!/[^a-zA-Z0-9]/.test(t.secret)){for(var s,r,n,a=l.querySelectorAll('iframe[data-secret="'+t.secret+'"]'),o=l.querySelectorAll('blockquote[data-secret="'+t.secret+'"]'),c=new RegExp("^https?:$","i"),i=0;i<o.length;i++)o[i].style.display="none";for(i=0;i<a.length;i++)s=a[i],e.source===s.contentWindow&&(s.removeAttribute("style"),"height"===t.message?(1e3<(r=parseInt(t.value,10))?r=1e3:~~r<200&&(r=200),s.height=r):"link"===t.message&&(r=new URL(s.getAttribute("src")),n=new URL(t.value),c.test(n.protocol))&&n.host===r.host&&l.activeElement===s&&(d.top.location.href=t.value))}},d.addEventListener("message",d.wp.receiveEmbedMessage,!1),l.addEventListener("DOMContentLoaded",function(){for(var e,t,s=l.querySelectorAll("iframe.wp-embedded-content"),r=0;r<s.length;r++)(t=(e=s[r]).getAttribute("data-secret"))||(t=Math.random().toString(36).substring(2,12),e.src+="#?secret="+t,e.setAttribute("data-secret",t)),e.contentWindow.postMessage({message:"ready",secret:t},"*")},!1)))}(window,document);
//# sourceURL=https://www.fundacioncristinamasaveu.com/wp-includes/js/wp-embed.min.js
</script>

El Centro FMCMP Madrid ha acogido la presentación de la 77ª temporada de la Ópera de Oviedo en el Auditorio María Cristina Masaveu, que este año contará con la representación de grandes obras como Anna Bolena, El Barbero de Sevilla, Arabella, Aída, o Las Bodas de Fígaro, desde septiembre de 2024 a febrero de 2025.
